{"id":17,"date":"2018-04-21T01:23:59","date_gmt":"2018-04-21T01:23:59","guid":{"rendered":"http:\/\/fundsocialsaludyvida.com\/?page_id=17"},"modified":"2018-04-21T22:09:50","modified_gmt":"2018-04-21T22:09:50","slug":"acerca-de","status":"publish","type":"page","link":"http:\/\/fundsocialsaludyvida.com\/?page_id=17","title":{"rendered":"Nuestra Fundaci\u00f3n"},"content":{"rendered":"<p><strong><em>MISION<\/em><\/strong><\/p>\n<p>Cumplir una funci\u00f3n social, mediante la atenci\u00f3n integral y personalizada de ancianos y ancianas, desprotegidos, abandonados y en estado de extrema pobreza, que no cuenten con ning\u00fan tipo de ayuda estatal, para mejorar su calidad de vida y recobrar su dignidad de seres humanos<em>.<\/em><\/p>\n<p><em>\u00a0<\/em><b><i>VISI\u00d3N<\/i><\/b><\/p>\n<p>En el a\u00f1o 2020, lograr la atenci\u00f3n integral de 100 adultos mayores, en una sede suburbana propia, con oportunidades de desarrollar destrezas\u00a0 manuales, art\u00edsticas y culturales en talleres de diversa \u00edndole, y, en\u00a0 actividades agropecuarias de f\u00e1cil ejecuci\u00f3n, que les permita sentirse \u00fatiles dentro de la sociedad.<\/p>\n","protected":false},"excerpt":{"rendered":"<p>MISION Cumplir una funci\u00f3n social, mediante la atenci\u00f3n integral y personalizada de ancianos y ancianas, desprotegidos, abandonados y en estado de extrema pobreza, que no cuenten con ning\u00fan tipo de ayuda estatal, para mejorar su calidad de vida y recobrar su dignidad de seres humanos. \u00a0VISI\u00d3N En el a\u00f1o 2020, lograr la atenci\u00f3n integral de &hellip; <a href=\"http:\/\/fundsocialsaludyvida.com\/?page_id=17\" class=\"more-link\">Seguir leyendo <span class=\"screen-reader-text\">Nuestra Fundaci\u00f3n<\/span> <span class=\"meta-nav\">&rarr;<\/span><\/a><\/p>\n","protected":false},"author":1,"featured_media":69,"parent":0,"menu_order":0,"comment_status":"closed","ping_status":"closed","template":"","meta":{"footnotes":""},"_links":{"self":[{"href":"http:\/\/fundsocialsaludyvida.com\/index.php?rest_route=\/wp\/v2\/pages\/17"}],"collection":[{"href":"http:\/\/fundsocialsaludyvida.com\/index.php?rest_route=\/wp\/v2\/pages"}],"about":[{"href":"http:\/\/fundsocialsaludyvida.com\/index.php?rest_route=\/wp\/v2\/types\/page"}],"author":[{"embeddable":true,"href":"http:\/\/fundsocialsaludyvida.com\/index.php?rest_route=\/wp\/v2\/users\/1"}],"replies":[{"embeddable":true,"href":"http:\/\/fundsocialsaludyvida.com\/index.php?rest_route=%2Fwp%2Fv2%2Fcomments&post=17"}],"version-history":[{"count":3,"href":"http:\/\/fundsocialsaludyvida.com\/index.php?rest_route=\/wp\/v2\/pages\/17\/revisions"}],"predecessor-version":[{"id":49,"href":"http:\/\/fundsocialsaludyvida.com\/index.php?rest_route=\/wp\/v2\/pages\/17\/revisions\/49"}],"wp:featuredmedia":[{"embeddable":true,"href":"http:\/\/fundsocialsaludyvida.com\/index.php?rest_route=\/wp\/v2\/media\/69"}],"wp:attachment":[{"href":"http:\/\/fundsocialsaludyvida.com\/index.php?rest_route=%2Fwp%2Fv2%2Fmedia&parent=17"}],"curies":[{"name":"wp","href":"https:\/\/api.w.org\/{rel}","templated":true}]}}